*2 + 6*x + 3. What is o(5)?
8
Let t(c) = c**2 - 15*c - 23. What is t(12)?
-59
Let m(s) = s**3 - s**2 - s + 22. Determine m(0).
22
Let x(q) = q**3 - 24*q**2 + 42*q + 33. Determine x(22).
-11
Let z(g) = 4*g + 19. Determine z(-6).
-5
Let r(f) = 2*f**3 + 3*f**2 - 10*f + 12. Determine r(-5).
-113
Let w(a) = 2*a - 24. Calculate w(12).
0
Let h(r) = -r**3 + r**2 + 6*r + 7. Determine h(4).
-17
Let z(x) = -x**3 + 13*x**2 + 14*x + 9. Give z(14).
9
Let c(p) = -2*p - 67. Determine c(-18).
-31
Let f(d) = 42*d. Calculate f(1).
42
Let j(g) = 3*g - 30. Give j(12).
6
Let d(b) = b**2 + 24*b + 14. Calculate d(-24).
14
Let n(f) = -2*f**2 + 88*f - 82. Give n(43).
4
Let g(i) = 7*i**3 + 4*i**2 - 11*i + 6. Calculate g(1).
6
Let s(b) = -b**3 - 3*b**2 + 11*b + 9. Give s(-6).
51
Let d(u) = 15*u**3 + 3*u**2 + 2*u. Determine d(-1).
-14
Let o(d) = -18*d + 28. What is o(7)?
-98
Let h(n) = -n**3 - 5*n**2 + 8*n + 14. Give h(-6).
2
Let j(b) = -3*b**2 - 3*b - 2. Give j(-1).
-2
Let o(k) = -2*k**3 + k**2 - 2*k. Give o(2).
-16
Let d(c) = -2*c**2 + 4*c + 6. What is d(-2)?
-10
Let d(g) = -7*g + 68. Give d(10).
-2
Let p(g) = g**3 - g**2 - 18*g - 1. Calculate p(-4).
-9
Let t(a) = -a**3 + 13*a**2 + 13*a + 13. Calculate t(14).
-1
Let f(w) = -w**2 + 7*w + 9. Determine f(-4).
-35
Let f(u) = -u**2 + 15*u - 32. Give f(14).
-18
Let h(x) = x**2 - 15*x - 1. Determine h(6).
-55
Let u(d) = 5*d + 53. Give u(-12).
-7
Let r(y) = y**3 + 5*y**2 + 5. Give r(-5).
5
Let b(i) = 13*i - 149. Calculate b(11).
-6
Let a(j) = -5*j**2 - 4*j + 5. Give a(-4).
-59
Let p(c) = -c**3 + 6*c**2 + 2*c + 5. Calculate p(5).
40
Let b(h) = h + 12. What is b(5)?
17
Let t(a) = a**3 + a**2 + 8*a - 7. What is t(0)?
-7
Let n(h) = -h**2 + 10*h - 8. Calculate n(7).
13
Let b(k) = -k**3 + 6*k**2 - 8*k + 2. Determine b(3).
5
Let f(z) = z**2 + 12*z + 7. Calculate f(-10).
-13
Let l(w) = 2*w + 13. Determine l(-7).
-1
Let x(v) = -17*v**3 - v - 1. Determine x(-1).
17
Let p(y) = y - 4. Calculate p(-12).
-16
Let y(d) = -5*d + 23. Give y(4).
3
Let c(p) = 7*p + 10. What is c(-3)?
-11
Let v(j) = -3*j + 10. Give v(0).
10
Let b(r) = r**3 + 8*r**2 - 11*r - 8. Give b(-9).
10
Let t(f) = f + 4. Give t(2).
6
Let h(v) = v**3 + 4*v**2 - 11*v - 14. What is h(-6)?
-20
Let d(i) = -i**3 + 10*i**2 - i - 7. Give d(10).
-17
Let q(y) = y**3 - 15*y**2 + 14*y. Calculate q(14).
0
Let r(z) = -z**2 + z + 2. Determine r(-4).
-18
Let u(h) = -h**2 - 2*h + 44. Calculate u(-7).
9
Let z(o) = o**3 + 8*o + 26. Calculate z(-2).
2
Let r(u) = 2*u**2 - 2*u - 33. What is r(6)?
27
Let x(j) = 12*j + 13. Calculate x(-6).
-59
Let d(j) = j**2 - 10*j + 15. Calculate d(7).
-6
Let h(b) = b**2 - 16*b - 169. Calculate h(23).
-8
Let m(q) = 6*q + 30. Determine m(-11).
-36
Let b(v) = -v**2 - 18*v - 39. Give b(-3).
6
Let n(a) = 3*a**2 - 16*a + 24. Calculate n(6).
36
Let t(x) = -3*x**2 - 16*x + 18. Give t(-6).
6
Let p(f) = f + 31. Determine p(-4).
27
Let r(v) = -v**3 - 15*v**2 - 55*v + 4. What is r(-7)?
-3
Let r(z) = -2*z**2 - 2*z - 3. Calculate r(-2).
-7
Let q(h) = -h - 28. Calculate q(0).
-28
Let z(n) = -n**3 + 15*n**2 + 16*n - 21. Calculate z(16).
-21
Let v(c) = c**2 - 15*c + 19. What is v(14)?
5
Let k(h) = -h**2 - 9*h - 7. Calculate k(-7).
7
Let z(l) = -l**3 + 3*l**2 - l - 5. Calculate z(4).
-25
Let n(a) = 2*a**2 + 2*a - 1. Determine n(2).
11
Let a(r) = -r**3 + 17*r**2 + 19*r - 17. Determine a(18).
1
Let m(w) = 6*w + 7. Determine m(-2).
-5
Let l(i) = -i**3 - 3*i**2 + 14*i + 4. What is l(-6)?
28
Let b(l) = -l**3 - 5*l**2 + l + 1. Give b(-5).
-4
Let f(y) = -11*y + 10. Give f(5).
-45
Let s(w) = 2*w**2 + 6*w - 1. Determine s(-5).
19
Let h(k) = 4*k**2 - 3*k + 7. Calculate h(-4).
83
Let j(w) = 36*w - 81. Give j(2).
-9
Let l(h) = 2*h**2 + 4*h + 2. Determine l(-3).
8
Let k(d) = -d**2 - d - 2. Give k(4).
-22
Let l(u) = -u**2 + 3*u + 31. Give l(7).
3
Let z(g) = -g**2 - 14*g - 35. Give z(-10).
5
Let j(h) = h - 1. What is j(1)?
0
Let z(x) = -11*x - 9. Calculate z(-2).
13
Let r(v) = -v**2 - 16*v + 163. Determine r(-23).
2
Let f(g) = g**2 - 6*g + 16. Determine f(7).
23
Let p(l) = l**3 + l - 10. What is p(0)?
-10
Let n(v) = v**3 - 11*v**2 - 15*v + 36. Give n(12).
0
Let p(u) = u + 11. What is p(-26)?
-15
Let a(v) = v**3 + 2*v**2 - 8*v - 11. What is a(-2)?
5
Let x(z) = z**3 - 9*z**2 - 7*z - 20. What is x(10)?
10
Let h(j) = -2*j**2 + j - 7. Give h(5).
-52
Let l(k) = k**3 - 23*k**2 + 3*k - 68. Calculate l(23).
1
Let d(n) = -n**2 - 8*n + 48. Calculate d(8).
-80
Let x(l) = -10*l + 42. What is x(4)?
2
Let l(x) = -x**3 + 4*x**2 + x + 10. Calculate l(5).
-10
Let b(h) = -h**3 + 5*h**2 - 4. Give b(4).
12
Let q(o) = -o**3 + 10*o**2 + 14. Give q(10).
14
Let d(h) = 6*h. Determine d(-3).
-18
Let c(h) = -3*h**2 + 1. What is c(-2)?
-11
Let v(k) = k**3 + 2*k**2 - 13*k + 5. Give v(-5).
-5
Let y(f) = f**3 - 6*f**2 - 7*f. Give y(7).
0
Let l(b) = 6*b + 10. Determine l(-5).
-20
Let r(o) = -o**3 + 6*o**2 + o - 1. Give r(6).
5
Let r(b) = -2*b + 22. Give r(11).
0
Let k(d) = 2*d - 37. Calculate k(-6).
-49
Let j(u) = -u - 6. Give j(-5).
-1
Let q(l) = -l**3 - 9*l**2 + 8*l - 15. Calculate q(-10).
5
Let d(a) = 15*a + 13. Give d(4).
73
Let y(j) = j**2 - 5*j + 2. Give y(5).
2
Let p(c) = -9*c + 34. What is p(8)?
-38
Let x(z) = 5*z**3 - 2*z**2 - 3*z - 2. Determine x(-1).
-6
Let u(r) = 15*r - 375. What is u(25)?
0
Let o(w) = 6*w + 22. Determine o(-5).
-8
Let l(p) = -3*p + 25. Determine l(-11).
58
Let g(q) = 2*q**2 + 22*q + 12. Calculate g(-10).
-8
Let f(g) = 6*g + 2. Give f(2).
14
Let k(o) = o + 12. Determine k(10).
22
Let w(h) = -3*h**3 + h**2 + 3*h + 5. Calculate w(-3).
86
Let i(r) = 4*r + 29. Determine i(-12).
-19
Let p(k) = k**2 - 4*k - 18. Give p(7).
3
Let t(m) = -m + 4. What is t(14)?
-10
Let l(d) = 12*d**2 - 3*d - 2. Determine l(-1).
13
Let q(g) = -2*g**3 + g**2 + 6*g - 12. Determine q(2).
-12
Let n(a) = -40*a - 204. Calculate n(-5).
-4
Let l(j) = -j**2 + 11*j - 11. Calculate l(10).
-1
Let q(k) = -2*k**2 + k + 1. Give q(-1).
-2
Let y(m) = -5*m + 2. What is y(7)?
-33
Let m(n) = 11*n + 5. What is m(-5)?
-50
Let h(t) = 2*t**2 - t. Determine h(2).
6
Let z(a) = -a**2 - 8*a + 14. Calculate z(-9).
5
Let f(x) = -x**2 + 14*x - 10. Determine f(13).
3
Let s(d) = -3*d + 3. Determine s(-5).
18
Let x(c) = -c**3 - 20*c**2 - 20*c - 21. Calculate x(-19).
-2
Let v(z) = -z**3 - 5*z**2 - 3*z + 9. Determine v(-5).
24
Let w(f) = -6*f + 9. Determine w(-1).
15
Let n(d) = 5*d - 123. Determine n(22).
-13
Let r(x) = -x**3 + 3*x**2 + 5*x. Give r(4).
4
Let y(h) = -h**2 - h - 2. Determine y(-3).
-8
Let q(m) = m**3 - m**2 - 6*m - 6. What is q(-3)?
-24
Let z(n) = 6*n + 45. What is z(-9)?
-9
Let c(u) = -u**3 + 5*u**2 + 2. Give c(4).
18
Let y(t) = t**2 + 2. Calculate y(4).
18
Let o(q) = q**3 - 6*q**2 - 7*q - 6. Determine o(7).
-6
Let n(c) = -14*c**2 + 7*c + 16. Calculate n(-2).
-54
Let t(k) = k**3 + 24*k**2 + 3*k + 72. Determine t(-24).
0
Let z(g) = g**3 - 19*g**2 + 34*g + 5. Determine z(17).
5
Let y(x) = -x**3 + 3*x**2 - 4*x + 2. Calculate y(5).
-68
Let v(a) = 4*a**2 - 13*a + 5. Determine v(2).
-5
Let z(y) = 8*y + 53. Calculate z(-6).
5
Let b(q) = -2*q + 21. Calculate b(12).
-3
Let i(n) = 4*n - 11. Give i(8).
21
Let x(l) = 4*l**2 - 8*l - 5. What is x(6)?
91
Let y(w) = 2*w + 6. Calculate y(-4).
-2
Let d(c) = -c**2 - 2*c - 1. What is d(4)?
-25
Let l(x) = -x**2 - 15*x + 72. Give l(-19).
-4
Let y(s) = -s**3 + 11*s**2 - 3*s + 12. Give y(11).
-21
Let h(q) = 4*q + 94. Calculate h(-20).
14
Let l(k) = -k**3 + 4*k**2 - 10*k + 5. Give l(2).
-7
Let w(a) = -a**3 + 5*a**2 + 38*a - 24. What is w(9)?
-6
Let w(f) = f**2 - 11*f + 39. Give w(11).
39
Let i(m) = -3*m**2 + 4*m + 1. Calculate i(3).
-14
Let t(m) = -m**3 + 3*m**2 + 3. What is t(3)?
3
Let r(u) = u**2 - 15*u - 5. What is r(15)?
-5
Let s(l) = -5*l**2 - 4*l + 16. Determine s(-3).
-17
Let p(i) = 3*i**2 + 6*i - 34. Give p(4).
38
Let d(y) = 6*y + 3. Determine d(7).
45
Let z(q) = q**2 - 16*q - 68. Calculate z(21).
37
Let y(k) = -7*k + 5. What is y(2)?
-9
Let l(w) = -w**2 + w + 2. What is l(3)?
-4
Let b(v) = -6*v - 82. Calculate b(-11).
-16
Let u(t) = 10*t - 13. Determine u(2).
7
Let w(a) = -a**3 + 4*a**2 - a + 1. Calculate w(2).
7
Let p(w) = -2*w**2 - 5*w + 9. What is p(-5)?
-16
Let y(r) = r**3 - 14*r**2 - 17*r + 41. Give y(15).
11
Let g(z) = -3*z**2 + z + 2. What is g(3)?
-22
Let l(r) = -r**2 - 6*r + 20. Calculate l(3).
-7
L